e prime factors of c?
2, 3
What are the prime factors of 9/(-6) + (-1835)/(-10)?
2, 7, 13
Suppose 3*a - 2 = 2*a. Suppose 2*n + 72 = 5*n + 4*k, 2*k - 48 = -a*n. What are the prime factors of n?
2, 3
List the prime factors of -3*(-4)/(12/39).
3, 13
Suppose -3*a + q = -26, 4*a = -q + 3*q + 38. Let t = a + 16. List the prime factors of t.
23
Let h = 63 + -23. Suppose -8 = -p - 3*m - 2*m, 5*p - h = 4*m. What are the prime factors of p?
2
Let r(c) be the second derivative of -c**5/20 - c**4/2 + c**3 + c**2 + 3*c. What are the prime factors of r(-7)?
3
Let t = -1 + -3. Let j(v) = -v**2 - 3*v. Let a be j(t). What are the prime factors of 72/20*(-10)/a?
3
Let t = 1 - -42. List the prime factors of t.
43
Suppose -12 = 3*v, 4*u + 0*v - 2*v + 72 = 0. Let f be (u/6)/((-2)/6). Suppose 5*c - 4*r = f, -2*c - 3*r + 6 = c. List the prime factors of c.
2
List the prime factors of (-67 + 0)/(3/(-3)).
67
Suppose m - 24 = -3*m. Let g(s) = s**2 + 2*s - 1. Let f be g(m). Suppose 3*h + 3*t - f = -h, -3*t = -2*h + 19. What are the prime factors of h?
11
Suppose -13 + 5 = -4*d. Suppose v - 3 = -3*z, d*z - 9 = -0*z - 3*v. Let p(q) = q**2 + q + 3. What are the prime factors of p(z)?
3
Let s(n) = -2 + 2*n**2 + 5*n**2 - n**2 - n - 5*n**2. List the prime factors of s(4).
2, 5
Let z = -7 - -9. Let k(f) = 6*f + 2. List the prime factors of k(z).
2, 7
Let b = -141 - -313. List the prime factors of b.
2, 43
Let f = -6 + 6. Suppose 0*z + 5*z - 150 = f. List the prime factors of (z/4)/(9/12).
2, 5
What are the prime factors of (74/2)/(3/3)?
37
Let z(b) = b**2 + 8*b + 7. What are the prime factors of z(-10)?
3
Let w(q) = q**2 - q + 3. Let x = -25 + 37. Suppose -l - 2*l = -x. What are the prime factors of w(l)?
3, 5
Let f = -13 - -12. Let o(l) = -34*l. List the prime factors of o(f).
2, 17
Let b(g) = 14*g - 28. What are the prime factors of b(11)?
2, 3, 7
Let j be (-17 + 7)*4/(-10). Suppose 3 = 4*l - l. Let t = j + l. What are the prime factors of t?
5
Let v = 7 - 3. Suppose -n = v*f - 15, -2*f = 4*n + f - 21. Suppose 4*m = -4*a + m + 28, 5*a - 32 = -n*m. List the prime factors of a.
2
List the prime factors of (-3)/(4/((-352)/3)).
2, 11
Let r = 7 - 7. Suppose -3*a + 4 = 3*j + 1, a - 3*j - 9 = r. Suppose -2*l - 45 = -4*b + a*l, 2*l + 24 = 2*b. What are the prime factors of b?
3, 5
Suppose -n + 6*n = 670. What are the prime factors of n?
2, 67
Let w(r) = -r**3 - r**2 + 8. Let c be (-1 - -1)/(5/(-5)). List the prime factors of w(c).
2
Suppose 0 = -z + 4*d + 12, -d + 3*d - 64 = -3*z. Suppose -o - 2*b - 13 = 0, 4*b = 8*b + z. Let v = o + 9. List the prime factors of v.
2, 3
Let o(j) = j**3 - 3*j**2 - j + 14. List the prime factors of o(6).
2, 29
Let p be (16/10)/((-3)/15). Let l = -3 - p. List the prime factors of l.
5
Let v(d) = d**3 - 4*d**2 - 4. Let t be v(4). Let k be t/10 - (-34)/10. Suppose 15 = 4*f + r, 5*f - k*r + 2*r = 21. List the prime factors of f.
2
Let r = 8 + -14. Suppose 0 = 6*o - o - 55. Let p = o + r. What are the prime factors of p?
5
Suppose -125 = -3*a + 271. What are the prime factors of a?
2, 3, 11
Let o(m) = m + 19. What are the prime factors of o(-9)?
2, 5
Let k(x) = x**3 - 7*x**2 - 9*x - 7. Let y be k(8). List the prime factors of ((-25)/y)/((-2)/(-12)).
2, 5
Let i(f) be the first derivative of -f**2/2 + 13*f - 1. Suppose 3*u = -5*o + 5*u + 36, 4*o = u + 27. List the prime factors of i(o).
7
Suppose 3*j = -0*j + 18. Suppose -3*g - 3*y - 8 = -5*g, 0 = 4*g + 2*y - 16. Suppose -4*s = -2*n - 16, j = g*s + 2*n - 10. What are the prime factors of s?
2
Let v = 13 - -33. What are the prime factors of v?
2, 23
Let c(y) be the third derivative of -y**4/12 - y**3/6 - y**2. List the prime factors of c(-5).
3
Suppose -8*i + 2*i = -732. List the prime factors of i.
2, 61
Let q(s) = 2*s**3 - 4*s**2 - 2*s + 3. Let y be q(3). Suppose -w = 3 - y. List the prime factors of w.
2, 3
Let h(r) = -r**3 - r**2 + 4*r + 2. What are the prime factors of h(-3)?
2
Let o be ((-16)/(-12))/((-2)/3). Let w(v) = -1. Let k(p) = 6*p - 3. Let u(l) = -k(l) + 4*w(l). What are the prime factors of u(o)?
11
Let p(u) = -u + 3. Let s be p(3). Let j(r) = -4*r - 28. Let z be j(-7). Suppose n - 7 + s = z. What are the prime factors of n?
7
Let t = 12 + -8. Suppose -4*c - 1 - 2 = 3*o, 0 = -t*o - 3*c + 3. Suppose -f - 6 = -o*f. What are the prime factors of f?
3
Suppose 0 = -0*a + 2*a. Let m(l) = -l + 7. What are the prime factors of m(a)?
7
Let t = -27 + 14. Let g = -20 - t. Let x = 16 + g. What are the prime factors of x?
3
Let p(u) = u - 8 - 4*u - u + 0*u. What are the prime factors of p(-7)?
2, 5
Let m(g) = -33*g**2. Let u be m(-1). Let z(o) = -7*o - 4. Let l be z(6). Let p = u - l. List the prime factors of p.
13
Suppose 2*x + 2*u - 292 = 0, 428 = 3*x + 5*u - 0*u. What are the prime factors of x?
151
Let z(a) = 2*a**2 - 5*a + 1. List the prime factors of z(-4).
53
Let r(i) = i**2 - 2*i + 1. List the prime factors of r(5).
2
Suppose -d + 2*y + 27 = 4*d, -3*y = -5*d + 28. Suppose 0 = w + 3*w - 2*b - 70, -d = b. What are the prime factors of w?
3, 5
What are the prime factors of 1 + 11/((-11)/(-98))?
3, 11
Suppose -6*q + 1769 = 599. List the prime factors of q.
3, 5, 13
Suppose 15 = -3*s + 8*s. Let u be 2 + (2 - 0/s). Suppose -23 = -u*b + 5. List the prime factors of b.
7
Let a = -10 + 41. Let g(w) = -a - 15*w + 31. List the prime factors of g(-1).
3, 5
Let a(l) = l**3 - 4*l**2 - 8*l - 6. Let n be a(6). Suppose -4*x = -p + n, -5*x - 11 - 9 = -p. What are the prime factors of p?
2, 5
Let x(b) = -b**2 + 6*b + 2. Let k be x(6). Let v(h) = 0*h - k + 2 + 3*h - 6. What are the prime factors of v(5)?
3
Suppose -h - 2 + 10 = 0. Let l be (-1 - (-134)/h)*4. Suppose 0 = -y, -5*n + l - 18 = -4*y. What are the prime factors of n?
3
Let z(m) = -m**2 + 10*m - 3. What are the prime factors of z(8)?
13
Suppose v = -m + 48, 3*v + m + 3*m - 148 = 0. List the prime factors of v.
2, 11
Let g(u) = 2*u**2 - 2*u**2 + 2*u**2 - u - u**2. What are the prime factors of g(-2)?
2, 3
Let j be 33*((-12)/(-3) + -3). Let n = j + -14. What are the prime factors of n?
19
Suppose -5 = 3*d - 17. List the prime factors of 147/12 + 3/d.
13
Suppose 0 = 4*b + 5*a + 271, -b + 6*a - 74 = a. What are the prime factors of 2/(6/b)*-1?
23
Suppose 0 = -0*b + 2*b - 66. What are the prime factors of b?
3, 11
Let z be 115/(-4) - 2/8. Let d be 4/(-6)*(z - 1). Suppose u - d = -u. What are the prime factors of u?
2, 5
Let a = 63 + 75. List the prime factors of a.
2, 3, 23
Let b(x) = x**2 - x - 1. Let f be b(5). Suppose 2*h + 26 = 5*n, 6*h + f = n + h. What are the prime factors of n?
2
Let h(c) = c**3 - 7*c**2 - 23*c - 10. List the prime factors of h(11).
13, 17
Let j = -12 - -14. What are the prime factors of j?
2
Let h(i) = -3*i + 5. Let p be h(9). List the prime factors of (-4)/p - (-238)/22.
11
Suppose -3*i = 4*s - 2*s - 8, 4*s = 2*i. Let w be -2 - (-5 + 2 - s). Suppose -w*z + 8 = 4*q, 2*q - 2*z - 4 = -7*z. List the prime factors of q.
2
Let l(g) = -8*g + 0 + 2*g**2 + 2 + 0. Let q be l(6). Suppose j + 15 - 1 = r, 5*j = -3*r + q. List the prime factors of r.
2, 3
Suppose 0 = 2*q + 6 - 2, -3*w = q - 91. List the prime factors of w.
31
Let b = -36 - -73. Suppose -83 = -4*i + b. What are the prime factors of i?
2, 3, 5
Suppose -4*a - 2*l + 114 = 0, 0*a + a - 24 = l. What are the prime factors of a?
3
Let i = -3 - -2. Let g be (-2 + (-1 - 0))/i. Suppose -s - 26 = -g*s. List the prime factors of s.
13
Let k = -3 + 5. Suppose 2 + k = a. Suppose -a*r + 18 = -r. What are the prime factors of r?
2, 3
Let d = 23 - 13. Let t be -6 + 4 + (d - 0). Suppose -3*q - 5*r + 60 = 0, 3*q - 31 - t = 2*r. List the prime factors of q.
3, 5
Let x = -10 + 8. Let n = 7 + x. What are the prime factors of n?
5
Let x be (-2)/3 + 22/6. Suppose o = 4*o - 3*f - x, 5*o = 3*f - 5. Let b = o - -7. What are the prime factors of b?
3
Let q(t) = t**2 + 2*t - 4. Let k be q(-5). Let l = -7 + k. Suppose l*a - 5*w - 47 = 0, -w = 5*a - 2*w - 64. What are the prime factors of a?
13
Suppose 0 = 3*w - 3*r - 37 - 98, 3 = -r. List the prime factors of w.
2, 3, 7
Suppose -2*d - z - 220 = 0, -2*z - 436 = 4*d + 2*z. Let r = d + 155. List the prime factors of r.
2, 11
Let g(p) = 3*p - 8. Let s(l) = -12*l**3 - l**2 - 2*l - 1. Let m be s(-1). List the prime factors of g(m).
2, 7
Let o(f) = f**3 + 8*f**2 + 2